the prime factors of x?
5, 7, 47
Let x = -123 + 45. Let t = 248 + x. What are the prime factors of t?
2, 5, 17
Let h(l) = l**2 - 12*l + 17. Let f be h(14). Let a = f - 76. Let r = -21 - a. List the prime factors of r.
2, 5
Let w(g) = 34*g - 2. List the prime factors of w(9).
2, 19
Suppose -15*s - 2103 = -29643. List the prime factors of s.
2, 3, 17
Let j = 81 + -44. Suppose -j + 177 = 5*t. What are the prime factors of t?
2, 7
Let z = 5 - 3. List the prime factors of z + 25*6 + 0.
2, 19
Suppose -25*c + 17045 + 42355 = 0. What are the prime factors of c?
2, 3, 11
List the prime factors of (-6)/(-63) - (-74248)/84.
2, 13, 17
Let j(d) = -193*d - 736. What are the prime factors of j(-15)?
17, 127
Let p be (-1 + 7)/((-4)/2). Let o(w) be the third derivative of w**6/120 + w**5/15 + w**4/24 - w**3/2 + w**2. List the prime factors of o(p).
3
Let x = 182 - 129. Let q = -25 + x. List the prime factors of q.
2, 7
Suppose 3 = q, 3*p + 3*q + 52 = 166. List the prime factors of p.
5, 7
Let u = 24 - 20. Suppose -u*a + 3*a + 185 = 0. Suppose -4*o + 9*o = a. List the prime factors of o.
37
Suppose 11*s - 6192 = 3*s. What are the prime factors of s?
2, 3, 43
Let a = -16 - -16. Suppose -360 = -4*d - a*d. What are the prime factors of d?
2, 3, 5
Let p be (12/18)/(3/9). Suppose -p*t + 25 = -7*t. Let m(r) = -7*r - 11. List the prime factors of m(t).
2, 3
Let x(g) = 8*g**2 - 4*g + 1. Let v be x(1). Suppose 3*y - 215 = -2*d, 804 - 286 = v*d + y. What are the prime factors of d?
103
Let m be (15/(-6))/(-5)*-16. Let u be (-1)/(-4) - 390/m. What are the prime factors of 7/u + 530/14?
2, 19
Suppose -7*r = -8*r - 66. Let t be r - -4*(-1)/4. Let a = 3 - t. List the prime factors of a.
2, 5, 7
Let a(j) = 345*j - 20. What are the prime factors of a(1)?
5, 13
Suppose 0 = 4*x - 5*q - 1460, 2*x - 560 - 192 = -3*q. What are the prime factors of x?
2, 5, 37
Let z(p) = -67*p + 21. Let k = -158 + 156. What are the prime factors of z(k)?
5, 31
Suppose -2*a + 5*a = -3*h + 21, -3*a = -h - 25. Suppose 5*d - 2 = a. What are the prime factors of (-3)/(-3)*(13 + d)?
3, 5
Suppose 20*t - 32*t + 8100 = 0. What are the prime factors of t?
3, 5
Let h = 309 - 608. What are the prime factors of (-3)/(-2)*18/27 - h?
2, 3, 5
Suppose 3*p - 4 - 8 = 0. Let i(n) = 33*n + 26. What are the prime factors of i(p)?
2, 79
Let l(b) = -2770*b - 25. What are the prime factors of l(-2)?
5, 1103
Suppose 4*f + 54 - 234 = 0. Let b be 5*((-4)/(-2) - 1). Suppose -g - f = q - b*q, 5*g = 5*q - 60. List the prime factors of q.
11
Suppose -2*p - 3*l + 1013 = 0, 5*l = -p - 0*l + 503. List the prime factors of p.
2, 127
Suppose 14*p = 9*p - 4*u + 6352, 2*p - 2*u - 2548 = 0. List the prime factors of p.
2, 3, 53
Let c be 2/2 - 2/2. Suppose 0*d - 6*d + 30 = c. Suppose -r = -2*r - d*w + 35, w = r - 17. What are the prime factors of r?
2, 5
Suppose 28*x + 6092 = 19112. What are the prime factors of x?
3, 5, 31
Suppose 256 = -4*o + 5*o. List the prime factors of o.
2
Let j(b) = 3*b**3 - 2*b**2 + b + 2. Let g be j(2). Suppose 0 = -3*d - g + 47. Suppose d*u = 6*u + 93. List the prime factors of u.
31
Suppose -42*l = -37*l - 210. Let w be (-3)/(-18) - (-394)/12. Suppose -w = -5*b + l. List the prime factors of b.
3, 5
Let c(d) = 43*d**2 + d - 1. Let y be c(1). Suppose -7 = -4*s - 3*t + 2, -4*t + 12 = 4*s. List the prime factors of y + s + 12 + -9.
2, 23
Suppose 1292 - 5092 = -8*b. What are the prime factors of b?
5, 19
Suppose -3*l + 2119 + 1866 = -5*r, 1343 = l + 2*r. List the prime factors of l.
3, 5, 89
Let x(s) = -42*s - 242. List the prime factors of x(-42).
2, 761
Let h(x) = -3*x**2 + 33*x - 9. Let i be h(13). Let g = 148 + i. What are the prime factors of g?
61
Let y(z) = z**3 + 14*z**2 - 30*z + 27. What are the prime factors of y(-13)?
2, 293
Let x(v) be the second derivative of -19*v**3/6 + v**2/2 - 4*v. List the prime factors of x(-1).
2, 5
Let k(z) = -z**2 + 2*z + 1. Let n be k(2). Let s be (0/(-2))/(2/n). Let l(u) = -u + 2. What are the prime factors of l(s)?
2
Let a(m) = -4*m - 2. Let q be a(2). Let c = -22 - q. Let d(j) = -j**2 - 14*j - 1. What are the prime factors of d(c)?
23
Suppose -5 + 3 = 2*q. Let h = -5 - q. List the prime factors of (-19)/h - (-3)/12.
5
Let v(m) = 2*m**2 + 13*m - 13. Let g be v(-8). Let r(l) = -l**2 + 19*l + 41. What are the prime factors of r(g)?
3, 43
Let d(u) = 31*u**2 + 44*u - 38. List the prime factors of d(-10).
2, 3, 19, 23
Let g = 6 + -23. Let y = g - -19. List the prime factors of y.
2
Suppose 0 = 4*u - 5*f - 73, 4*u = 3*u + 3*f + 20. Let j = 42 - u. List the prime factors of j.
5
Suppose -75*j + 65*j + 3080 = 0. List the prime factors of j.
2, 7, 11
Let i = 9 - 44. What are the prime factors of (-1 + -361)*(i/(-10) - 4)?
181
Suppose -7630 - 525 = -7*i. What are the prime factors of i?
5, 233
Let g be (-2 - 105/6)*-2. Let h = 58 - g. What are the prime factors of h?
19
Let b = 2879 + -971. List the prime factors of b.
2, 3, 53
Suppose l + 104 = 3*l. Suppose -l*r = -49*r - 30. What are the prime factors of r?
2, 5
Suppose 40 = 11*l - 15*l. Let v = l - -69. List the prime factors of v.
59
Let c(q) = -3*q**2 - 5*q - 4. Let r be c(-4). What are the prime factors of (-1)/(-4) - 280/r?
3
Suppose -j - 5*g + 23 = j, 0 = 2*j - 3*g + 1. Suppose -4*b + 3*p - 8 = 0, j*b = 5*p + 8 - 24. What are the prime factors of (11 + -10)*37*b?
37
Let s(v) = v**2 + 4*v + 4. Let k be s(-2). Suppose -4*h - 3*z = z - 116, h - 2*z - 26 = k. List the prime factors of h.
2, 7
Let t = -130 - -132. Suppose -t*y + 146 = -214. List the prime factors of y.
2, 3, 5
Let p(d) = 14*d**2 + 13*d + 64. What are the prime factors of p(-8)?
2, 107
What are the prime factors of (-18 + 20)*(-4298)/(-4)?
7, 307
Let f(r) = -r**3 + 4*r + 3. Let d be f(-2). Suppose 0*j - 81 = -d*j. What are the prime factors of j?
3
Let y(q) = q**3 - 3*q**2 + 7*q. Let r be y(4). Let w = 145 + r. List the prime factors of w.
3, 7
Let p(b) = b + 1. Let z(a) = -21*a - 8. Let h(s) = -6*p(s) - z(s). What are the prime factors of h(5)?
7, 11
Suppose -h = 2*u - 5*h - 3576, 4*u - 3*h = 7137. List the prime factors of u.
2, 3, 11
Let g(k) = k**3 + 10*k**2 - 12*k + 14. Let z = 367 + -522. Let f be z/15 - 2/3. What are the prime factors of g(f)?
5
Let o(i) = -i + 9. Let p be o(19). List the prime factors of 5/p + (-1)/2 + 73.
2, 3
Suppose 4*i + c - 403 = -113, 3*i - 227 = 4*c. List the prime factors of i.
73
Let f be (2/(-4))/((-10)/940). Let c be (-1)/(-4 + 3)*f. Suppose -1 - c = -3*q. List the prime factors of q.
2
What are the prime factors of 126/(-24)*(-764)/3?
7, 191
Let y = 2502 - 1014. Suppose 3*r - y = -3*r. List the prime factors of r.
2, 31
Let f(y) = -y**3 - 2*y**2 - 2*y + 1. Let w = -15 + 13. Let o be f(w). Suppose -2*x = -3*u + 10, -o*u + x = -0*u - 26. What are the prime factors of u?
2, 3
Let a be (0 - -58)/((-4)/(-6)). Suppose -5*d = -8*d + a. List the prime factors of d.
29
Suppose -3*j = 5*j - 24. Suppose -6*b = -j*b - 276. List the prime factors of b.
2, 23
Let l = 21 + -45. Let n = 9 + l. Let h = n - -19. What are the prime factors of h?
2
Let x = -7 - -7. Suppose x*z + 16 = 3*z - 4*h, -3*h = 3*z - 30. List the prime factors of z/(-48) + (-38)/(-12).
3
Suppose 14*f - 8*f - 3*q = 4023, -3*f = -q - 2012. List the prime factors of f.
11, 61
What are the prime factors of -2*92/(-2) + 2?
2, 47
Let s(v) = -v + 20. Let p be s(17). Suppose p*n - 13 + 1 = 0. Suppose -90 = -n*k - k. What are the prime factors of k?
2, 3
Suppose 0 = 3*r + 2*w - 1111 - 83, -w = 2*r - 796. List the prime factors of r.
2, 199
Let y(c) = -c**3 - 6*c**2 + 3*c - 6. Let s(a) = 2*a**2 + 7*a - 1. Let i be s(-5). Let l be i*1*4/(-8). What are the prime factors of y(l)?
2, 11
Let c = -130 + 451. What are the prime factors of c?
3, 107
Suppose -3*a + 5*a + 30 = -3*y, 4*a = -y - 50. Let l be 147/18 + 2/a. Let i(t) = t**2 - 4*t + 9. What are the prime factors of i(l)?
41
Let c be 8*(7 - 3) - (-2 + 0). Let f(o) = -17*o + 1. Let t be f(-2). Suppose c = 3*r - t. What are the prime factors of r?
23
Let l(j) be the third derivative of j**6/60 - j**5/20 + 9*j**2. Let t be l(2). Suppose 3*m = -t*z + 224, 2*z + 262 = 4*m - 0*z. What are the prime factors of m?
2, 17
Suppose -o - 5*n = -45, -3*n + 2*n - 2 = 0. Let u = 105 - o. What are the prime factors of u?
2, 5
Let j be 2993 - (-2)